base 10?
-9
25 (base 15) to base 3
1022
What is -123 (base 5) in base 14?
-2a
Convert 43 (base 11) to base 12.
3b
What is 49 (base 13) in base 4?
331
10 (base 3) to base 10
3
Convert -27 (base 14) to base 8.
-43
What is -192 (base 12) in base 8?
-376
What is 13 (base 11) in base 6?
22
6 (base 8) to base 14
6
What is -17 (base 12) in base 6?
-31
38 (base 16) to base 15
3b
45 (base 7) to base 3
1020
Convert -240 (base 7) to base 5.
-1001
Convert 54 (base 8) to base 2.
101100
Convert 11101 (base 2) to base 8.
35
What is 8 (base 12) in base 10?
8
Convert 134 (base 11) to base 4.
2132
1101 (base 2) to base 15
d
What is -a (base 12) in base 7?
-13
What is 41 (base 13) in base 12?
45
Convert 107 (base 10) to base 15.
72
Convert 2 (base 10) to base 4.
2
What is 2 (base 14) in base 12?
2
What is 1000 (base 2) in base 5?
13
3020 (base 4) to base 3
21102
What is -75 (base 16) in base 8?
-165
0 (base 3) to base 15
0
Convert -11 (base 3) to base 9.
-4
What is 21 (base 5) in base 14?
b
What is 21 (base 14) in base 5?
104
Convert -3 (base 16) to base 14.
-3
Convert -24 (base 12) to base 14.
-20
Convert -20 (base 5) to base 2.
-1010
What is -7 (base 11) in base 8?
-7
Convert 1112 (base 3) to base 8.
51
-14 (base 14) to base 7
-24
What is 3 (base 16) in base 14?
3
Convert 41 (base 11) to base 7.
63
1c (base 15) to base 13
21
-40 (base 6) to base 14
-1a
241 (base 6) to base 8
141
85 (base 16) to base 11
111
10332 (base 4) to base 9
383
Convert -2 (base 11) to base 10.
-2
What is -5 (base 10) in base 14?
-5
What is -1 (base 5) in base 7?
-1
What is -46 (base 7) in base 4?
-202
Convert -112 (base 4) to base 12.
-1a
What is 3 (base 10) in base 5?
3
-7 (base 13) to base 6
-11
Convert 150 (base 8) to base 12.
88
Convert -b (base 13) to base 3.
-102
a (base 13) to base 2
1010
What is 13 (base 13) in base 4?
100
d3 (base 16) to base 2
11010011
Convert -254 (base 11) to base 9.
-364
Convert -d (base 16) to base 3.
-111
10 (base 13) to base 12
11
What is -63 (base 11) in base 13?
-54
0 (base 12) to base 10
0
28 (base 9) to base 6
42
-24 (base 11) to base 7
-35
Convert -a (base 15) to base 14.
-a
What is 0 (base 5) in base 10?
0
Convert -12 (base 13) to base 9.
-16
What is -2 (base 14) in base 5?
-2
Convert 14 (base 10) to base 4.
32
-1 (base 2) to base 14
-1
Convert 22102 (base 3) to base 10.
227
0 (base 5) to base 11
0
What is -2 (base 5) in base 6?
-2
What is -111 (base 2) in base 6?
-11
What is -13 (base 15) in base 6?
-30
Convert -3 (base 15) to base 11.
-3
What is 21 (base 6) in base 16?
d
What is 211 (base 4) in base 3?
1101
What is 146 (base 15) in base 7?
564
Convert -18 (base 14) to base 11.
-20
What is -4 (base 10) in base 13?
-4
-7 (base 13) to base 6
-11
What is -21 (base 3) in base 2?
-111
What is 3 (base 12) in base 14?
3
What is -1 (base 13) in base 5?
-1
What is -33 (base 7) in base 14?
-1a
Convert -65 (base 7) to base 9.
-52
Convert 1c (base 14) to base 12.
22
35 (base 10) to base 5
120
What is -37 (base 8) in base 6?
-51
What is -14 (base 15) in base 14?
-15
1101 (base 2) to base 16
d
-b (base 16) to base 9
-12
What is -19 (base 16) in base 3?
-221
Convert -31 (base 5) to base 9.
-17
10 (base 11) to base 15
b
1 (base 2) to base 3
1
Convert -9 (base 13) to base 5.
-14
-107 (base 10) to base 4
-1223
Convert -131 (base 5) to base 14.
-2d
-c (base 16) to base 9
-13
Convert 1c (base 16) to base 5.
103
What is 11 (base 7) in base 10?
8
-1000 (base 2) to base 5
-13
Convert 122 (base 7) to base 3.
2102
What is 1 (base 2) in base 9?
1
What is 242 (base 5) in base 11?
66
What is -8 (base 13) in base 3?
-22
-a1 (base 14) to base 13
-ab
What is 4 (base 15) in base 14?
4
27 (base 13) to base 6
53
-8 (base 10) to base 11
-8
What is -26 (base 16) in base 4?
-212
21 (base 11) to base 8
27
3 (base 14) to base 6
3
Convert -4 (base 13) to base 12.
-4
What is -1 (base 14) in base 13?
-1
What is 111 (base 3) in base 9?
14
-10011 (base 2) to base 16
-13
Convert -153 (base 7) to base 8.
-127
16 (base 8) to base 3
112
-14 (base 14) to base 16
-12
Convert -20 (base 13) to base 12.
-22
What is -235 (base 6) in base 16?
-5f
Convert 9 (base 12) to base 2.
1001
Convert -3d (base 14) to base 3.
-2001
What is 20 (base 3) in base 9?
6
Convert -1 (base 11) to base 5.
-1
Convert 72 (base 13) to base 7.
162
What is -d (base 16) in base 2?
-1101
What is 7 (base 13) in base 12?
7
What is -22 (base 3) in base 13?
-8
Convert -7 (base 10) to base 13.
-7
What is 33 (base 15) in base 4?
300
-3a (base 11) to base 6
-111
413 (base 8) to base 11
223
6 (base 15) to base 9
6
-10000110 (base 2) to base 10
-134
Convert 5 (base 14) to base 10.
5
Convert 8 (base 14) to base 12.
8
-19 (base 11) to base 6
-32
77 (base 12) to base 11
83
Convert 21 (base 3) to base 6.
11
What is -1 (base 14) in base 16?
-1
What is 0 (base 3) in base 9?
0
Convert -10 (base 5) to base 14.
-5
Convert -3 (base 9) to base 10.
-3
5 (base 8) to base 9
5
Convert 5 (base 15) to base 7.
5
What is -3 (base 7) in base 4?
-3
Convert -56 (base 8) to base 3.
-1201
-35 (base 8) to base 12
-25
What is -13 (base 8) in base 6?
-15
43 (base 10) to base 8
53
Convert 3 (base 14) to base 10.
3
Convert 16 (base 15) to base 12.
19
-6 (base 15) to base 10
-6
-6 (base 10) to base 3
-20
-d2 (base 15) to base 11
-16a
Convert -51 (base 6) to base 2.
-11111
87 (base 11) to base 7
164
Convert -78 (base 10) to base 5.
-303
-11 (base 7) to base 12
-8
Convert -1212 (base 4) to base 7.
-204
-101 (base 7) to base 5
-200
Convert 52 (base 14) to base 7.
132
Convert a (base 14) to base 2.
1010
Convert -211 (base 4) to base 2.
-100101
-2 (base 13) to base 14
-2
What is -13 (base 15) in base 8?
-22
323 (base 8) to base 12
157
-277 (base 9) to base 13
-14b
What is 0 (base 3) in base 13?
0
88 (base 9) to base 8
120
What is 17 (base 16) in base 5?
43
-134 (base 8) to base 10
-92
1021 (base 5) to base 4
2020
Convert 13 (base 5) to base 7.
11
What is 9 (base 11) in base 7?
12
Convert -330 (base 4) to base 2.
-111100
353 (base 6) to base 4
2031
Convert -101 (base 3) to base 12.
-a
12 (base 5) to base 10
7
What is -1 (base 2) in base 13?
-1
Convert -1200 (base 6) to base 3.
-101200
Convert 10 (base 4) to base 16.
4
2 (base 6) to base 12
2
5 (base 13) to base 15
5
What is 122 (base 16) in base 15?
145
Convert 2 (base 3) to base 7.
2
What is 9 (base 16) in base 14?
9
12 (base 6) to base 12
8
12 (base 7) to base 5
14
Convert -18 (base 14) to base 10.
-22
What is 4 (base 11) in base 3?
11
What is 43 (base 11) in base 3?
1202
What is -3 (base 13) in base 11?
-3
Convert -32 (base 5) to base 12.
-15
What is 2 (base 11) in base 14?
2
-6 (base 8) to base 9
-6
Convert 102 (base 3) to base 9.
12
What is -1111 (base 2) in base 14?
-11
Convert -11 (base 5) to base 12.
-6
Convert -59 (base 12) to base 2.
-1000101
Convert 272 (base 8) to base 5.
1221
200 (base 4) to base 6
52
What is 38 (base 12) in base 15?
2e
Convert -22 (base 7) to base 4.
-100
1 (base 6) to base 8
1
Convert 1 (base 7) to base 8.
1
What is -6 (base 15) in base 10?
-6
-10 (base 3) to base 7
-3
Convert -3 (base 14) to base 12.
-3
1 (base 5) to base 2
1
Convert -13 (base 13) to base 15.
-11
Convert 4 (base 16) to base 6.
4
What is 13 (base 16) in base 15?
14
What is 300 (base 8) in base 7?
363
-1 (base 9) to base 5
-1
Convert 3 (base 5) to base 2.
11
Convert 54 (base 8) to base 5.
134
53 (base 7) to base 3
1102
What is -10 (base 9) in base 7?
-12
-1 (base 11) to base 3
-1
1 (base 13) to base 2
1
Convert 181 (base 9) to base 7.
310
What is -4 (base 8) in base 6?
-4
1 (base 9) to base 2
1
Convert -120 (base 7) to base 6.
-143
-42 (base 12) to base 5
-200
2 (base 14) to base 5
2
Convert -3 (base 10) to base 6.
-3
What is 110101 (base 2) in base 11?
49
What is 10100111 (base 2) in base 9?
205
What is -2 (base 9) in base 8?
-2
-443 (base 5) to base 16
-7b
c (base 13) to base 16
c
What is -40 (base 6) in base 10?
-24
What is 0 (base 3) in base 16?
0
Convert -10 (base 16) to base 15.
-11
1 (base 2) to base 5
1
Convert 5 (base 12) to base 5.
10
10 (base 4) to base 2
100
Convert -200 (base 4) to base 11.
-2a
Convert -12c (base 16) to base 3.
-102010
What is -400 (base 5) in base 9?
-121
What is 7 (base 13) in base 2?
111
Convert 0 (base 15) to base 12.
0
What is -11 (base 2) in base 10?
-3
What is -2 (base 7) in base 2?
-1